et q be c(-4). Let w be 0 - (2*-8 + q). Calculate the highest common factor of f and w.
18
Let g(k) = -28*k - 112. Let v be g(4). Let w = v + 266. Let f = -13 + 41. What is the highest common divisor of f and w?
14
Let m(y) = 39*y - 1692. Let z be m(45). What is the greatest common factor of z and 8799?
21
Let b(a) = a**3 - 23*a**2 + 6*a + 45. Let n be b(23). Suppose -368*t = -365*t - n. What is the greatest common factor of 2 and t?
1
Let o = -9903 + 9928. Calculate the greatest common divisor of 35 and o.
5
Suppose 9*l - 4760 = -1988. Let j be l/16 + 21/28. Calculate the highest common factor of j and 290.
10
Let w = -322 + 324. Suppose 19 = 2*h - w*n - 79, 191 = 4*h - 3*n. What is the greatest common divisor of 264 and h?
44
Suppose -5*s + 2*s + 108 = 0. Let x = s - 73. Let l = -9 - x. Calculate the greatest common divisor of l and 42.
14
Let d be (6 + 0)/(36/888). Suppose 0 = -5*s + d + 32. Let i be ((-2)/(-5))/((-3)/(-30)). Calculate the highest common factor of i and s.
4
Let r(s) = 121*s**2 - 42*s + 90. Let c be r(2). What is the greatest common factor of c and 882?
98
Suppose y = 4*c + 28 - 16, 3*y - 22 = 5*c. Let f(i) = 171*i**2 + 20*i + 42. Let a be f(c). What is the greatest common factor of a and 98?
98
Suppose 0 = -p + 2*f - 503, -7*p - 1516 = -4*p + f. Let s = 541 + p. Calculate the greatest common factor of 468 and s.
36
Let h be (-2059)/(-20) + 16/320. Suppose -60 = -d + 2*p, 0*d = 4*d + p - 195. Let v = h + d. What is the highest common factor of v and 9?
9
Let n(l) = -l**3 + l**2 + 2*l + 115. Let f(g) = -5*g - 20. Let d = 25 - 29. Let a be f(d). Let c be n(a). Calculate the greatest common factor of 23 and c.
23
Let r = -182 - -214. Let f be (r + -38)*(-14)/6. Calculate the greatest common divisor of 4 and f.
2
Suppose -3*a - 1 + 16 = 0. Suppose -31 = -a*q + 69. What is the highest common factor of q and 25?
5
Let p = -239 + 241. Let a be (p/(-6) + -1)*(-6 - 18). What is the highest common divisor of a and 40?
8
Suppose n + c - 7 = 0, n = -c + 5*c - 18. Suppose -n*l + 81 = b - 183, -2*b + 4*l = -496. What is the highest common factor of 16 and b?
16
Suppose 10*k = -6 - 4. Let w be (3*5/(-15))/(k/36). Calculate the highest common factor of w and 288.
36
Let y(q) = -14*q - 6. Let l be y(-5). Suppose -94*v + 9 = -91*v. Let i be 2/v - (5720/(-6))/10. Calculate the highest common factor of i and l.
32
Suppose -15340 = -240*n - 55*n. What is the highest common divisor of n and 332?
4
Suppose 3*l = -6*m + m + 5612, 4*m + 2*l = 4488. Suppose 5*g - 170 = -3*r + 40, 12*g - 11*g = 0. Calculate the greatest common factor of m and r.
70
Suppose g + 6 = 36. Suppose 0 = -5*n + 10*n - g. Suppose -4*u + 53 = -5*t + 2*t, 5*u - 5*t = 65. What is the highest common factor of u and n?
2
Let t be ((-2)/(12/386))/(2/(-6)). Let y = -177 + t. What is the greatest common factor of 104 and y?
8
Let i = -11065 + 11071. Calculate the greatest common divisor of 1929 and i.
3
Suppose 54*l + 128 = 58*l. Suppose -12 = -5*k - l. Let g be -3 - ((k - 177) + 2). Calculate the highest common divisor of 11 and g.
11
Let w = 5944 - 5943. Calculate the highest common factor of 692 and w.
1
Let z(b) = -9*b + 49. Let s be z(5). Suppose -s*g - 50 - 2 = -4*x, -3*x = -g - 29. Let r = -1 + 3. Calculate the highest common divisor of x and r.
2
Suppose -2*n - s = -81 + 27, -n + s + 36 = 0. What is the greatest common factor of 7170 and n?
30
Suppose 14 = -3*t + 404. Let j be 128/(-320) + ((-1)/5)/((-2)/1044). Calculate the greatest common factor of j and t.
26
Suppose -336 = -9*z + 2040. Calculate the highest common factor of z and 40.
8
Let z be 66 + -64 - (-3 - 0) - -8. What is the greatest common divisor of 8 and z?
1
Suppose -897 = -8*o - 89. Suppose -289 = -6*c + o. What is the highest common divisor of 26 and c?
13
Let b(j) = -j**3 + 10*j**2 - 4*j + 40. Let m be b(10). Suppose m = -5*d - 6*d + 2013. Calculate the highest common factor of 61 and d.
61
Suppose c - 1418 + 92 = -h, -6632 = -5*h - 4*c. Let x(b) = -8*b**3 + 28*b**2 + 219*b - 145. Let p be x(7). What is the greatest common divisor of p and h?
16
Let s be ((-68)/(-6))/(10/15). Suppose 4*o = 4*a + 24, -5*a + 23 - s = 4*o. Calculate the highest common divisor of 32 and o.
4
Let f be 9/4*(-51768)/(-54) - 11. Calculate the highest common divisor of 296 and f.
74
Suppose 3*w + 5*i = 5*w - 23, -2*i + 10 = 0. What is the highest common divisor of 200 and w?
8
Let d = -62 - -142. Suppose 7*i + 1 = 8*i. Suppose -i = -4*g + 11, 4*g - 92 = -4*u. What is the greatest common factor of d and u?
20
Suppose -3 = -3*j - 2*m, -4*j + 127*m = 132*m + 10. Let v be 3 + -1 + 33 + 0. What is the greatest common divisor of j and v?
5
Suppose 2*i - 4*t = 406, -3*t - 1377 = 2*i - 9*i. What is the highest common divisor of 465 and i?
15
Let x be (0 - (-6)/(-4))*(-24)/18. Suppose -4*j - 281 = p, -128 = x*j - p - p. Let y = 81 - j. Calculate the greatest common factor of y and 30.
30
Suppose -6*r = -2*p - 9*r - 415, 3*p - 5*r + 632 = 0. Let h = p - -245. Calculate the highest common factor of h and 81.
9
Let j be (6/(-5))/((-3)/(-75)). Let d be (-664)/(-20) + -1 + (-24)/j. Calculate the greatest common factor of 187 and d.
11
Suppose 119 = 6*l - 293 - 260. Calculate the highest common divisor of l and 14.
14
Suppose -4*j = -50 - 26. Let y = -28 + j. Let x(g) = -2*g**2 - 20*g + 5. Let c be x(y). Calculate the greatest common divisor of c and 161.
23
Let w = -200 + 344. Let l = -6498 + 7290. Calculate the highest common factor of w and l.
72
Suppose 3*j - 8 = 5*j, j = 3*k - 40. Calculate the highest common divisor of k and 110.
2
Let i be 2/4 + (-735)/(-6) + 3. Suppose l + 0*l - i = 0. Calculate the highest common factor of l and 18.
18
Suppose 55 = -4*g + 399. Suppose q - 14 - 5 = z, 5*q + 4*z = g. Let l be 11687/465 + -25 + (-3 - (-1115)/75). What is the greatest common factor of q and l?
6
Let c(x) = x**3 + 23*x**2 - 14*x + 28. Let m be c(7). What is the highest common divisor of 180 and m?
20
Let q(c) = c**3 + 13*c**2 + 13*c + 16. Let u be q(-12). Let v(h) = -17*h + 96. Let p be v(u). What is the highest common factor of p and 196?
28
Let t(z) = -7 - 28*z**2 - 21*z**2 - 21*z**2 - 2*z + 75*z**2. Let k be t(5). What is the greatest common factor of k and 81?
27
Let l be -251 - ((-4)/((-16)/(-28)) + 3). Let i = l + 287. Let s be (-4)/(-10) - (-444)/15. Calculate the greatest common divisor of s and i.
10
Let v = -373 - -273. Let m = v + 200. Calculate the greatest common factor of m and 20.
20
Let m(a) = a**3 + 13*a**2 - 7*a - 43. Let h be (18/(-12))/(39/338). Let l be m(h). What is the highest common factor of l and 36?
12
Let a be 1024 + -14 - 1 - -15. What is the greatest common factor of a and 40?
8
Let b = 4851 - 4427. Calculate the greatest common factor of b and 144.
8
Let j be (18/8)/((180/96)/5). What is the greatest common divisor of 26 and j?
2
Let z be -4 + (-8)/10 + 220/25. Suppose 3*t - 69 = -l + 135, -l + z*t = -169. Calculate the greatest common divisor of 27 and l.
27
Let v be (3 - 1)/(-6 - 8/(-50)*38). Calculate the greatest common factor of 8725 and v.
25
Suppose -249 = -5*c + 3*m, -5*c + 161 = -5*m - 94. Suppose 198 = 34*u + 32*u. What is the highest common divisor of c and u?
3
Let g(u) be the first derivative of -u**2/2 + 3*u - 8. Let k be g(2). Let r be (-8 - 190/(-25)) + (-7)/(-5). What is the highest common factor of k and r?
1
Let y = -277 + 262. Let k be ((-18)/y)/(-5 - 981/(-195)). What is the greatest common factor of 12 and k?
3
Let s(z) = -7 + 10 + 3*z + 42 - 3. Let p be s(-12). What is the greatest common divisor of 48 and p?
6
Let y = 536 + -432. Suppose 4*m - 15 = 17. What is the greatest common divisor of y and m?
8
Let s(h) = 76*h**2 + 137*h + 625. Let c be s(-5). What is the greatest common factor of 180 and c?
20
Let a = -6039 + 6070. Suppose -j - 5*f = j - 997, -1490 = -3*j - 2*f. What is the highest common divisor of a and j?
31
Let t = -5 + 8. Let a(o) be the second derivative of o**4/4 + o**3 + 7*o**2/2 + 64*o + 2. Let q be a(t). Calculate the highest common factor of q and 52.
52
Let w = 2 + -2. Suppose 3*z - 6 = w, -d = -3*d - 2*z + 16. Let k = -120 - -124. What is the greatest common factor of k and d?
2
Let j be 5*(-2 + 16/5). Let q be -1*(13 + -4) - -1. Let n(t) = -t**3 - 10*t**2 - 26*t -